- o*b + 624. What is the hundreds digit of b?
2
Let u be 1*35*((-1440)/(-50))/16. Suppose -u*r + 54*r = -10989. What is the units digit of r?
1
Suppose -4*d - 75532 = -z, 219*z - 222*z = 3*d - 226641. What is the thousands digit of z?
5
Let l(u) = -65*u**2 - 3. Let w(m) = 260*m**2 + 13. Suppose -3*f - 1 = -2*c - 3*c, -4*f - 10 = 2*c. Let x(j) = f*w(j) - 9*l(j). What is the tens digit of x(-1)?
6
Let h be 1/(-2)*12/(-3). Let f be (0/39)/(-3 + 5). Suppose 4*k - 4 = f, -h*y + 0*y + 135 = -k. What is the tens digit of y?
6
Let q(t) = -17*t**2 - 8 - 3 - t**3 - 2*t - 10*t - 12. Let n = 27 + -44. What is the hundreds digit of q(n)?
1
Let s(l) = -8*l**2 - 2*l + 2. Let z = 10 + -9. Let k be s(z). What is the units digit of 60/k*8/(-6)?
0
Let m be (1092/117)/((-1)/(-33)). Let g = m - -134. What is the hundreds digit of g?
4
Let u be (-5 - -3)/(2/(-145)). Suppose -v + u = 29. What is the hundreds digit of v?
1
Let w be (-2)/2 + 4 + (-88 - 31). Let u = w - -219. Let b = -23 + u. What is the units digit of b?
0
Let j = 14939 - 10498. What is the tens digit of j?
4
What is the tens digit of -3 + -7 + (-13 + -3 - -27724)?
9
Let x(j) be the first derivative of 6*j**3 + 17*j**2/2 - 104*j - 195. What is the tens digit of x(5)?
3
Let g = -10190 + 25585. What is the tens digit of g?
9
Suppose 3*c = 6*c - 7740. Let z(h) = -3*h**3 + 152*h**2 - 244*h - 38. Let b be z(49). Suppose -s - b*s = -c. What is the hundreds digit of s?
2
What is the units digit of ((-26)/((-1144)/(-165)))/((-1)/(-1996)*-1)?
5
Suppose 13*q + 16392 = 9*q. What is the hundreds digit of (1*q/15)/((-34)/170)?
3
Let m = 278 - 279. Suppose 59 = y - 33. What is the tens digit of (-3 + (-3 - y))/m?
9
Suppose -2*s + 10 = 0, 4*k - 1229 = -97*s + 96*s. Suppose k*p - 7908 = 300*p. What is the units digit of p?
8
Suppose 0 = -2*m + 4*d - 18, -4*m - 2*d - 35 - 31 = 0. Let y(b) = -b**2 - 33*b + 1. What is the hundreds digit of y(m)?
2
Suppose -347*t = -357*t + 50. Suppose 1204 = t*o - 1566. What is the tens digit of o?
5
Let n = 50702 - 23373. What is the hundreds digit of n?
3
Suppose 0 = 5*o + 3*p - 101279, 320*o - 2*p = 317*o + 60756. What is the tens digit of o?
5
Suppose -19*k + v + 16 = -16*k, -2*k = -2*v - 16. Let w(r) = 83*r**3 - 2*r**2 - r. Let u be w(-1). Let q = k - u. What is the units digit of q?
8
Let l be (-2964)/27 + (-25)/(-9) + -3. Let j = -110 - l. Suppose -3*v - 4*z = -j*v - 285, 0 = 2*v - 5*z - 213. What is the tens digit of v?
9
Let y = -10323 + 17188. What is the units digit of y?
5
Let t = -463 - -493. Suppose -t*z + 60*z = 28530. What is the units digit of z?
1
Let u(c) = -106*c**3 + 4*c**2 + 2*c - 8. Let v be u(-2). Let m = v + -17. What is the hundreds digit of m?
8
Let z = 4043 + -2241. Let l = z - 969. What is the tens digit of l?
3
Suppose l - 4*i - 15402 = 35825, 0 = 5*l + 2*i - 256025. What is the tens digit of l?
0
What is the ten thousands digit of (1 - (-62)/(-6))*(10 - (-42 - -2320))?
2
Let s(q) = -2*q**3 + 19*q**2 + 36*q + 140. What is the thousands digit of s(-12)?
5
Suppose -5*k + 8*n = 9*n - 251226, -k - 3*n + 50262 = 0. What is the hundreds digit of k?
2
Suppose -4*g + 3*n + 46822 + 20705 = 0, -3*g - 4*n + 50614 = 0. What is the ten thousands digit of g?
1
Suppose 0 = 2*n - 63 - 53. Let f = -46 + n. Let j = f + 6. What is the units digit of j?
8
Let y = -384 + 456. What is the hundreds digit of (-2)/9 - ((-9736)/y - 6)?
1
Suppose 6 = -z + 15. Let g be (z/(-3))/(12/152). Let b = g - -148. What is the units digit of b?
0
Suppose -10*h + 35 - 55 = 0. Let s be (-32030)/(-45) + h/9*-1. Suppose 8*f - s = 4*f. What is the tens digit of f?
7
Let w = 172 + -122. Let v = 646 + -594. Let j = w + v. What is the units digit of j?
2
Suppose 3*u = 5*y + 8, y + 2*u + 7 = -5. Let c be 12 + 8/2 + y. Let j(i) = 2*i - 3. What is the units digit of j(c)?
1
Suppose 4*w + 0*w + 463 = 5*a, -w = -a + 116. Let r be (-4)/18 - (-3484)/w. What is the units digit of (3 + r)/(4/(-4))?
7
Suppose 0 = -4*r - 4, 2*r = -4*c + 329 + 277. Let h be (4 - c/36) + (-886)/(-18). Let p = 211 - h. What is the hundreds digit of p?
1
Suppose -17828 = -13*u + 9*u + 3*l, 3*l = 2*u - 8908. What is the tens digit of u?
6
Suppose -2*y - 87065 = -310*t + 307*t, 3*y + 145109 = 5*t. What is the ten thousands digit of t?
2
Let h = -6028 - -8998. What is the tens digit of h?
7
Suppose 0 = -3*d - 30 + 3. Let b(q) = -3*q**3 + 37*q + 8. What is the thousands digit of b(d)?
1
Let x(h) = 4*h**2 - h - 1. Let z be x(-1). Suppose -d - 2 = -4*t - 0, -z = 3*t + 2*d. Suppose -s - s + 166 = t. What is the tens digit of s?
8
What is the hundreds digit of 9712*3/48*12?
2
Let p = 11 + -14. Let m be (-2)/(-12) - (-4375)/30. What is the units digit of 1*(8 + p) + m?
1
Suppose -823*b + 820*b = 2*f - 62420, -3*f = 2*b - 41615. What is the tens digit of b?
0
Suppose -30*q - 65*q = -71*q - 709488. What is the ten thousands digit of q?
2
Let x = 133 - -4. Let s = 2578 - 2649. Let b = x + s. What is the units digit of b?
6
Let k(v) = 19*v**2 + 32*v - 545. What is the tens digit of k(15)?
1
Let n(b) = 4*b**2 + 5*b - 51. Let a be n(-18). Suppose -5*x + 16*g - 18*g + 1936 = 0, 3*x - g - a = 0. What is the hundreds digit of x?
3
Let b(t) = 23*t - 18 + 7*t - 12 + t**2 - 11*t. Let c be b(11). Suppose 3*x - 8*x - c = -5*u, 3*x - 52 = -u. What is the units digit of u?
8
Suppose -3*o + 3559 = -1502. Suppose -19*k + 12*k + o = 0. Let u = k + -92. What is the tens digit of u?
4
Let f(a) = -103*a**3 + 3*a**2 + 72*a + 287. What is the tens digit of f(-4)?
3
Let f(i) = 1311*i**2 + 2*i - 5. What is the thousands digit of f(-4)?
0
Suppose -4*w + 3*t = -2*w - 43, 0 = -2*w - 3*t + 13. Suppose 586 - 6732 = -w*j. What is the hundreds digit of j?
4
Let r(f) = -66*f**3 + 15*f**2 - 11*f - 87. What is the hundreds digit of r(-9)?
3
Suppose -2*z + 3*h = -9, 2*z - h - 7 = -0*h. Let g be 102/12 - 8 - (-326)/4. Suppose z*n = 50 + g. What is the tens digit of n?
4
Suppose 4*h = 24, 82*i - 22462 = 77*i + 3*h. What is the thousands digit of i?
4
What is the hundreds digit of 3/2*(-3 - -3 - (-40040)/66)?
9
Suppose 4*b - 1303 = -7811. Let i = -1060 - b. What is the units digit of i?
7
Let m(c) = 25*c + 3. Let z be m(-1). Let n(i) = i**2 - 15*i - 33. What is the hundreds digit of n(z)?
7
Suppose 2*s - 170 = 22. Suppose -4*i - 52 = -s. What is the tens digit of 680/i - 2/(-11)?
6
Suppose -16 = -4*y - 4*k - 120, -78 = 3*y - 5*k. Let i be 5 - (0 + 1) - (-28 - y). What is the hundreds digit of (332/i)/((-8)/(-24))?
1
Suppose 85477 = 27*l - 330161. What is the thousands digit of l?
5
Suppose a = 360 + 15. Suppose -5*z + 5*l + 175 = 0, z + 3*l = 5*z - 136. Suppose 0 = -z*c + 26*c + a. What is the units digit of c?
5
Suppose 5*m + 2*f = 21341, 26 - 6 = -10*f. What is the tens digit of m?
6
Let j = 192 - 119. Suppose 0 = 4*u - 4*q - 1044, 3*u - 743 = -0*u - 5*q. Suppose j - u = -3*x. What is the tens digit of x?
6
Suppose -6*l + 5781 = -57100 - 39791. What is the ten thousands digit of l?
1
Let r be 30 + ((-12)/(-22) - (-66)/(-121)). Suppose -21968 - 6682 = -r*t. What is the units digit of t?
5
Let h(l) = -l + 8. Let c be h(-4). Let o(y) = -13*y**3 - 6*y**2 - 2*y. Let a be o(-2). Let i = c + a. What is the units digit of i?
6
Let h(z) = -81*z - 3655. Let d be h(-44). Let j = 229 + -78. Let y = d + j. What is the tens digit of y?
6
Suppose -9*b + 63541 - 1355 = -21343. What is the tens digit of b?
8
Suppose -2*n = -4*a - 736, -a + n - 166 = 5*n. Let u = 370 - a. What is the tens digit of u?
5
Let d(u) be the third derivative of u**6/10 - u**5/12 + 11*u**4/24 + 2*u**3/3 - u**2 + 89*u. What is the hundreds digit of d(3)?
3
Suppose u + 28 = 2*q, 2*u + 10 = u - 4*q. Suppose 0 = 15*w + 27 + 48. What is the units digit of (w + 4)/(1/u)?
2
Let b be 996/(-9) + 6/(-18). Let s = b + 259. Suppose k - s = -k. What is the units digit of k?
4
Suppose -26*v - 16351 = -29*v - 2*o, 5*v + 3*o - 27251 = 0. What is the units digit of v?
9
Let o(b) = -506*b - 10. Let p be o(-2). Suppose 0*u + 4*u = 2*j - p, -2*j - 5*u + 1038 = 0. What is the tens digit of j?
0
Suppose -a + 0*a + q + 10971 = 0, -5*q = 4*a - 43884. Let o be a/36 + (-1)/(-4). Suppose 7*r + 102 = o. What is the units digit of r?
9
What is the units digit of 1*3437 - (78/19 + (-98)/931)?
3
Suppose 5*y + 156 = 816. Suppose 0 = -2*d + 8 + 6. S